
Is 742475983 a composite number?
False
Is 12787174369 a composite number?
True
Is 14261183413 prime?
True
Is 5584828567 a composite number?
True
Is 1306129871 a composite number?
True
Is 4061796083 a prime number?
True
Is 220095383 a composite number?
True
Is 742418791 a composite number?
False
Is 872078041 a composite number?
False
Is 86898547 a prime number?
True
Is 3603299867 a prime number?
True
Is 222865866857 a prime number?
True
Is 10469241245 a prime number?
False
Is 3425430119 a composite number?
False
Is 564782189 a composite number?
True
Is 1029100679 composite?
True
Is 19332074777 prime?
False
Is 3665255731 a prime number?
False
Is 1029454505 a composite number?
True
Is 4079125361 prime?
False
Is 628576457 prime?
True
Is 341367461 composite?
False
Is 860495459 composite?
False
Is 36676536971 a prime number?
True
Is 6420540563 a prime number?
False
Is 5401119107 prime?
False
Is 8123242211 a composite number?
True
Is 36370683701 composite?
True
Is 2676073234 prime?
False
Is 13773670111 prime?
False
Is 95527053397 composite?
False
Is 36826760129 prime?
True
Is 6188167507 a prime number?
True
Is 41074744897 prime?
False
Is 661450289 a composite number?
True
Is 155989253543 a composite number?
False
Is 39291168361 prime?
True
Is 192017869 a composite number?
True
Is 206164725433 a prime number?
False
Is 265594541 a prime number?
True
Is 135312994897 a prime number?
True
Is 39109956317 a prime number?
True
Is 16513661163 a composite number?
True
Is 340206599 composite?
True
Is 688395559 a prime number?
True
Is 24020211121 a prime number?
False
Is 22873250143 a composite number?
False
Is 38018543597 a composite number?
True
Is 596627861 composite?
True
Is 32935163 a composite number?
True
Is 21156841009 a composite number?
True
Is 2321102317 composite?
False
Is 445271699 prime?
False
Is 1995845239 a prime number?
False
Is 13094907613 prime?
True
Is 521206627 composite?
True
Is 29463600799 a prime number?
True
Is 37279961 a prime number?
False
Is 512061607 a composite number?
True
Is 542434703 prime?
False
Is 612040669 a composite number?
False
Is 17131171829 a prime number?
False
Is 17800526171 composite?
True
Is 2541297169 a composite number?
True
Is 306074621 composite?
True
Is 21787611719 a composite number?
False
Is 4035076761 composite?
True
Is 225371231 a composite number?
False
Is 31599886223 prime?
False
Is 888799361 prime?
True
Is 10755729331 a prime number?
True
Is 84761729839 a prime number?
True
Is 2134103633 a composite number?
True
Is 291980711 a prime number?
False
Is 6438245201 composite?
False
Is 547376891 prime?
True
Is 1908495587 a composite number?
True
Is 33055450483 a prime number?
False
Is 14006293177 a prime number?
False
Is 1079837581 prime?
True
Is 38605301039 a composite number?
False
Is 851853823 a composite number?
False
Is 1323713749 a composite number?
True
Is 22019381497 composite?
False
Is 13205730365 composite?
True
Is 236356213 a prime number?
True
Is 134112239 prime?
False
Is 927994261 prime?
False
Is 21400523461 composite?
True
Is 26484198613 a composite number?
False
Is 73562609 prime?
True
Is 63876217 a composite number?
False
Is 1206847039 a composite number?
True
Is 150144487 a composite number?
False
Is 1638559765 a prime number?
False
Is 87414019523 composite?
True
Is 94379165467 a prime number?
True
Is 8964281114 a composite number?
True
Is 96677359 a prime number?
True
Is 12849961669 a composite number?
True
Is 31345423561 a prime number?
False
Is 1210249523 prime?
False
Is 736318741 prime?
True
Is 34216280821 a prime number?
True
Is 2399196083 a prime number?
True
Is 6764775551 prime?
True
Is 62796671243 prime?
True
Is 3628892381 a prime number?
True
Is 6032862841 composite?
False
Is 357171649 prime?
False
Is 4809493079 composite?
True
Is 22232495149 composite?
False
Is 177262321 a composite number?
True
Is 2229179461 a composite number?
False
Is 1076896357 prime?
True
Is 1844426897 prime?
True
Is 727075301 prime?
False
Is 33124557337 composite?
True
Is 40362330035 a prime number?
False
Is 5311959307 a composite number?
False
Is 3031612663 a prime number?
True
Is 2884315061 prime?
True
Is 68082927599 composite?
False
Is 9957188651 composite?
False
Is 3996323 composite?
False
Is 21847806217 composite?
False
Is 715940921 composite?
True
Is 30500272619 a composite number?
True
Is 266711743 a prime number?
True
Is 1792731899 prime?
False
Is 39494389751 a prime number?
True
Is 696803903 a prime number?
False
Is 12688443497 composite?
False
Is 238141823 composite?
True
Is 1680481423 a composite number?
False
Is 46487827 composite?
False
Is 136246391 a composite number?
False
Is 212869549 prime?
False
Is 154088266 a composite number?
True
Is 5458879681 prime?
True
Is 70795001 prime?
True
Is 2339627 composite?
False
Is 12672377443 a prime number?
False
Is 86491831 a prime number?
False
Is 28612590851 composite?
True
Is 341093939 a composite number?
False
Is 60145167281 a composite number?
True
Is 24468302473 a prime number?
False
Is 124842944477 prime?
False
Is 10707431347 composite?
False
Is 25369997519 a composite number?
True
Is 25910980783 a prime number?
False
Is 129917239 prime?
False
Is 825336133 a prime number?
False
Is 117388399 a composite number?
True
Is 4602496429 a prime number?
True
Is 47427333 a prime number?
False
Is 48881011 a prime number?
True
Is 1761114259 composite?
False
Is 1063305031 a composite number?
False
Is 40416588899 prime?
True
Is 156064094887 prime?
True
Is 98382449 composite?
True
Is 797508749 a prime number?
False
Is 3253957507 a composite number?
False
Is 3846091489 a composite number?
True
Is 157116293 a composite number?
False
Is 817685851 a prime number?
False
Is 798515561 a prime number?
True
Is 877005509 a prime number?
True
Is 15228387271 composite?
False
Is 168631816027 a composite number?
False
Is 3195125447 composite?
True
Is 1701325699 prime?
False
Is 13847413141 prime?
True
Is 11617011899 a prime number?
True
Is 9057732001 composite?
True
Is 31162583341 a composite number?
True
Is 5794172777 a prime number?
True
Is 8769581143 a prime number?
False
Is 58314856703 a composite number?
False
Is 114951303427 a composite number?
False
Is 105113253221 a composite number?
True
Is 3053709277 a prime number?
True
Is 16612125469 a prime number?
True
Is 965110417 composite?
True
Is 93529998883 a composite number?
False
Is 5270952695 a prime number?
False
Is 377837423 a prime number?
False
Is 88888902103 composite?
False
Is 2856762991 a composite number?
False
Is 199935536561 a prime number?
True
Is 17801065367 a composite number?
True
Is 605766089 composite?
False
Is 152858458199 a composite number?
False
Is 459576077 prime?
True
Is 25866372343 a composite number?
True
Is 12451846091 composite?
True
Is 2054353801 a composite number?
True
Is 5886384731 composite?
False
Is 903352391 a composite number?
False
Is 54327809477 composite?
True
Is 1427756927 composite?
False
Is 344664842833 a prime number?
True
Is 46990944201 a composite number?
True
Is 6431355989 composite?
False
Is 228186989 a composite number?
True
Is 28443387209 prime?
False
Is 8110569101 prime?
True
Is 6399606909 composite?
True
Is 179896224107 prime?
False
Is 8199286993 composite?
True
Is 1274766583 a composite number?
False
Is 121292939 composite?
False
Is 17915549 a composite number?
True
Is 485659147 a composite number?
True
Is 3079060463 a composite number?
True
Is 285921067 a composite number?
True
Is 7970109919 a composite number?
False
Is 1944317189 a prime number?
False
Is 771921599 a prime number?
False
Is 11246224603 prime?
True
Is 25981643 a composite number?
False
Is 1498171253 a prime number?
False
Is 42937863473 composite?
False
Is 701479873 composite?
True
Is 2817159281 a composite number?
False
Is 55694040637 a prime number?
True
Is 19839699613 prime?
True
Is 166237844423 a composite number?
True
Is 1207342079 composite?
True
Is 165173977 prime?
True
Is 2772882577 a prime number?
True
Is 3685395243 a composite number?
True
Is 2885470561 a prime number?
True
Is 2416281269 a prime number?
True
Is 777874007 composite?
True
Is 171475275739 prime?
True
Is 26369971907 composite?
True
Is 4398548461 composite?
False
Is 31434484693 composite?
True
Is 4695571939 composite?
False
Is 559611658